) = -r**3 + 10*r**2 - 10*r + 13. Let d = -97 + 132. Let b be (-7)/d + 1*138/15. What is f(b)?
4
Suppose -15*v + 20*v = -5. Let p be -2*(-1 + v)/2. Let u(n) = -2*n - 1. Give u(p).
-5
Let w(n) = n + 1. Let r(f) be the third derivative of f**5/60 - f**4/8 + f**3/2 - 12*f**2. Let u be r(4). Give w(u).
8
Let d(k) = 5*k**3 + 3*k**2 - 11*k + 6. Let o(v) = -9*v**3 - 6*v**2 + 20*v - 11. Let q(p) = 11*d(p) + 6*o(p). What is q(4)?
12
Let j be ((-5)/(-10))/(3/(-162)). Let i = -31 - j. Let a(h) = -h**3 - 3*h**2 + 3. Calculate a(i).
19
Suppose -w = -0*w - 8. Let n = w + -5. Let d(o) = -o**2 + n*o**2 + o**2 - o**3 - 3 - 2 + 7*o. Determine d(4).
7
Let c(u) = -u + 8. Let t = -22 + 21. Let g be (-4)/((-24)/54) - (t + 4). Give c(g).
2
Let l(s) = 226*s + 4 - 227*s + 7. Suppose -4 = -3*i + 4*u - 2, 2*i = -5*u + 32. What is l(i)?
5
Let w(h) be the first derivative of -h**4/4 + 7*h**3/3 - 3*h**2/2 - 16*h + 590. Give w(6).
2
Let r = -13 + 10. Let z(j) be the first derivative of -j**4/4 - 4*j**3/3 - 3*j**2/2 - 2*j - 68. What is z(r)?
-2
Let y(i) = 30*i**3 - 5*i - 524*i**2 - 3 + 527*i**2 + 10*i**3. Let d(x) = 13*x**3 + x**2 - 2*x - 1. Let p(f) = 8*d(f) - 3*y(f). Give p(1).
-17
Let x = 40/3 + -13. Let t(r) be the first derivative of x*r**3 - 1/2*r**2 - 3 - 6*r. Calculate t(0).
-6
Let x(d) = d**2 + 6*d - 5. Let s(k) = -2*k**2 - 3 + 2*k + 0 + 9 + 0. Suppose 3*t - 5*t = -6. Let h be s(t). Calculate x(h).
-5
Let n be ((-10)/(-6))/(3/(-9)). Let d be 6/(-4) + 15/6. Let q(p) = 6*p**2 - 4. Let w(k) = -k**3 + k**2 - 1. Let c(b) = d*q(b) - w(b). Determine c(n).
-3
Let v(g) = 7*g - g**2 - 3 + 7 - 4*g. Suppose -4*w = x - 0*w - 14, 0 = 3*x - 4*w + 6. Suppose -x*y = i + 5, y + 5 = -0*y. What is v(i)?
-6
Let a(t) = -14*t**3 - t**2 - 2*t - 1. Suppose -g = 3*g + 12. Let b be g + -1 + (-3 - -5). Let k be (-1)/(b + 0 - -3). What is a(k)?
14
Let o be 245/(-7140) + (-15)/17 + 1. Let g(c) be the second derivative of 3/2*c**2 + 1/20*c**5 + o*c**4 + 0 - 2/3*c**3 - 3*c. Give g(2).
7
Let m(v) = -v + 10. Let d(n) = n**2 + 13*n + 9. Let k be d(-13). Suppose -6*x - 24 = -k*x. Calculate m(x).
2
Let i be -2*(0 - (1 - -1)). Suppose 0 = v + v - i. Let s(b) = 7*b**3 + 2*b - 5. Let o(g) = -5*g**3 - 2*g + 4. Let n(t) = -4*o(t) - 3*s(t). Calculate n(v).
-5
Let g(m) = -m**3 + 7*m**2 + 2. Suppose -32*j = p - 37*j + 9, 2*p - 4*j = 0. Determine g(p).
38
Let y(l) = -13*l**3 - 24*l**2 + 5*l + 5. Let q(a) = -7*a**3 - 13*a**2 + 3*a + 3. Let m(v) = -11*q(v) + 6*y(v). Determine m(-3).
24
Let t(h) = -h**2 - 8*h + 20. Let d = 420 - 430. What is t(d)?
0
Suppose 2*y - 17 = -1. Suppose -y*a = -a + 63. Let q(h) = -h - 7. Give q(a).
2
Let w = 19 - 22. Let h(p) be the second derivative of 1/12*p**4 + 1/3*p**3 + 0 + 1/2*p**2 + p. What is h(w)?
4
Let z = -482 - -475. Let i(x) be the third derivative of -x**4/24 - x**3/6 - 2*x**2. What is i(z)?
6
Let d(t) = 1. Let x(a) be the second derivative of -a**4/12 - a**3/6 + 5*a**2/2 + 8*a. Let r(h) = d(h) - x(h). Calculate r(3).
8
Let v(b) = 17*b**2 - 17*b - 4. Let a(t) = -15*t**2 + 15*t + 4. Let u(n) = 8*a(n) + 7*v(n). Suppose z - 6*o = -o, 3*o = z. Give u(z).
4
Let x(v) = -v**2 + 3*v + 7. Let g be ((-110)/44)/((-5)/14). What is x(g)?
-21
Let w(n) be the first derivative of -n**4/4 + n**3/3 + 3*n**2/2 + n - 26. Let r(m) = -m - 2. Let l be r(0). Let j = 0 + l. Determine w(j).
7
Let o(n) = 4*n - 5. Suppose p = -3*a + 3 + 6, 22 = 3*p + 4*a. Give o(p).
19
Let f(u) = u**2 + u - 20. Suppose 16*k = 19*k - 63. Let a be (-15)/(-35) + (-9)/k. Calculate f(a).
-20
Suppose -6*n - 330 = -61*n. Let u(r) = 2*r**2 - 10*r + 11. Calculate u(n).
23
Let l(f) = f**2 + 5*f + 1. Let m(t) = t. Let i(b) = -l(b) + 2*m(b). Suppose 0 = -4*y - w - 16, 5*w = y + 1 + 3. Determine i(y).
-5
Let o(z) be the first derivative of 120*z**2 - 247*z**2 + 125*z**2 + 9. Determine o(1).
-4
Let g(n) = -2*n - 18. Let w be g(-15). Suppose -4 = 2*d - w, -4*d = 2*z - 4. Let k(c) = -c - 13. Calculate k(z).
-7
Let b(c) = -11*c**3 + 2*c**2 + 2*c + 1. Suppose 3*h + 17 = h + 3*k, 3*h - 12 = -3*k. What is b(h)?
12
Let u = 7 + -8. Let o(b) = 4*b - 1 - b - 9*b**2 + 0*b. Let w(d) = 28*d**2 - 10*d + 4. Let v(z) = -7*o(z) - 2*w(z). What is v(u)?
7
Let j(m) be the second derivative of m**4/12 + 5*m**3/6 - 7*m**2/2 - m. Let g(y) = -y + 35. Let r be g(9). Suppose -k - r + 20 = 0. Determine j(k).
-1
Let u be (-13)/13 + -4 + 0/1. Let r be (-9)/(-5) - 1/u - -6. Let n(d) = -d + 9. Calculate n(r).
1
Let c(i) = 2*i**2 + i - 4. Let g(o) = -o**3 + 15*o**2 - 48*o + 13. Let q be g(4). What is c(q)?
11
Let z be 4 + 1*-15*1. Let f = -11 - z. Let m(a) be the second derivative of a**5/20 - 3*a**2/2 + a. Calculate m(f).
-3
Let a(l) = -20*l + 6. Let x(f) = 35*f - 12. Let k(z) = 5*a(z) + 3*x(z). What is k(5)?
19
Let o be 3/(7/((-84)/18)). Let i(j) = -j + 2 - 3*j**2 - j - 1. What is i(o)?
-7
Let x(i) be the third derivative of -i**5/30 + 29*i**4/24 + 17*i**3/6 + 2*i**2 + 38. Calculate x(15).
2
Let f(p) = 3*p**2 + p**3 - 16*p - p + 13*p - 3. Calculate f(-4).
-3
Let r(h) = -h**3 + 4*h**2 - 3. Let b(v) = -2*v**3 + 5*v**2 - 4. Let i(g) = -2*b(g) + 3*r(g). Suppose -3*q - 5*d + 5 = -11, -1 = -3*q - 2*d. Calculate i(q).
-10
Let i(m) = m**2 + 10*m + 3. Let t be i(-10). Let f be -3 + (-8)/(-3) + (-2)/t. Let p(r) = -12*r**2 + 2*r + 1. Give p(f).
-13
Let v(a) = a**2 + 11*a + 8. Suppose 0*l + 5*d = 2*l + 33, 0 = 2*l + 3*d + 9. Determine v(l).
-10
Let t(l) = 3*l - 3. Let i(d) = 19*d + 16. Let u be i(-1). Calculate t(u).
-12
Let v(k) = 4*k**3 + 6*k**2 - k + 8. Let o(l) be the second derivative of -l**5/10 - l**4/4 + l**3/6 - 2*l**2 - 17*l. Let b(r) = 5*o(r) + 2*v(r). What is b(-3)?
14
Let y(l) = l**3 + 2*l**2 - 4*l - 5. Let j be (-1)/(4/(-84)*-7). Give y(j).
-2
Let t(x) = x**2 - 11*x + 10. Suppose -23 + 14 = -d. What is t(d)?
-8
Let t(a) = -3*a - 2. Let i(y) = -8*y + 20. Let j be i(2). Determine t(j).
-14
Let o(t) = -5*t - 1. Let n(v) = 2*v**2 + 3*v. Suppose -3*x + 22 = -2*z - 3*z, -2*x + 3*z = -13. Let a = x + -1. Let y be n(a). Calculate o(y).
-11
Suppose -4*z + 4 = -20. Let p be (-2)/16 + (-257)/(-8). Let n(j) = -p + 3*j**3 + 5*j**2 + 33 - z*j - 2*j**3. What is n(-6)?
1
Let r be 11 + -5 - (-1 + 1). Let z(y) = r - 334*y + 0 + 336*y. What is z(-5)?
-4
Let m(u) = 26*u + 26. Let z be m(-1). Let l(o) = o**2 + 2*o + 6. Determine l(z).
6
Let a(n) = 2*n. Let t = 21 - 11. Suppose 5*y + 3*l - 36 = 0, 2*l = -3*y - l + 24. Suppose -4*m = -t - y. Calculate a(m).
8
Suppose 0 = -4*d - 2*j, j + 4*j + 8 = -2*d. Let q(s) = -5*s**2 - 12*s - 5. Let w(o) = o**2 + 2*o + 1. Let z(c) = -q(c) - 6*w(c). What is z(d)?
-2
Let y(s) be the third derivative of s**5/60 - s**4/24 + s**2 + 10. Let r = 2 - -4. Suppose -5*h = 4*c - r, c + 5*h = -3 - 3. Determine y(c).
12
Suppose -3*g + 5 = 23. Let s be ((-77)/(-22))/((-2)/(-4)). Let p(z) = -5*z**2 - z**3 + 180*z - 15 + s - 175*z. Determine p(g).
-2
Suppose -2*y + 2*k - 5*k + 7 = 0, 13 = 5*y + 3*k. Let q(x) = -x**3 - 7*x**2 + 8*x + 4. Let b be q(-8). Let w(a) = -5 - 6*a + a**2 - y + b. Determine w(5).
-8
Let y(c) = 2*c**2 + 13*c + 6. Let j(f) = f**3 + 5*f**2 + 2*f - 18. Let d be j(-3). Calculate y(d).
0
Let p = 678 - 681. Let i(v) = -v + 2. Let m(w) = -6*w + 9. Let a(y) = 11*i(y) - 2*m(y). Calculate a(p).
1
Let a(y) = -4*y + 3. Let z be (-148)/38 + (-6)/57. Calculate a(z).
19
Let m(h) = 1 + 4*h**2 - 776*h - 773*h + 1547*h. Give m(2).
13
Let o(g) = -2*g**2 + 124*g - 115. Let l be o(61). Let j(p) be the third derivative of -p**4/12 + 7*p**3/6 - p**2. Determine j(l).
-7
Let w be 6/(-4)*(0 - 2). Let n(m) = 6 - 15 + m**2 + m**2 - w*m**2 + 9*m. Calculate n(7).
5
Let s(d) = -d**3 - 12*d**2 - 4*d + 12. Let k(t) = t - 2. Let n(z) = 4*k(z) + s(z). What is n(-12)?
4
Let t(g) = -2*g - 7. Suppose 4*k = -5*u - 37, -5*k + 527 - 552 = 2*u. Give t(k).
-1
Let x(v) = -v**2 - 11*v. Let d(z) = -6*z. Let k(y) = 5*d(y) - 3*x(y). Let r be k(-2). Let j(g) = -r*g + 4*g + g + 0 + 2. Calculate j(3).
-1
Let y(q) = 2*q**2 - 4*q - 8. Let b(p) = -p**3 - 10*p**2 - 31*p - 66. Let d be b(-7). Determine y(d).
8
Let l(u) be the second derivative of -u**4/12 - u**3/6 - 4*u**2 - 77*u + 1. Calculate l(-6).
-38
Suppose 4*p + 11 = u + 8*p, 2*u + 4*p = 22. Let i = -17 + u. Let k(m) be the second derivative of -m**4/12 - 4*m**3/3 - 4*m**2 + m. Give k(i).
4
Let l(p) = -2*p - 16. Let q(z) = -2*z**2 +